Suppose -2 - 8 = -5*d. Let t be d/7 + (-10)/35. Suppose -s + 4*s - 12 = t. List the prime factors of s.
2
Suppose -2*x = -x. Suppose -4*k + 3*a + 2 = x, -2*k + 0*k + 5*a = 6. What are the prime factors of 2/k + (-2 - -4)?
3
Suppose 0 = -5*y + 146 - 6. List the prime factors of y.
2, 7
Let c = -44 + 73. List the prime factors of c.
29
List the prime factors of (1356/10 - 16/(-40))/1.
2, 17
Let f = -5 + 8. Let a be 2*(3 - f/2). Suppose 0 = a*p - 2 - 13. List the prime factors of p.
5
Suppose -z + 34 = 4*y + z, 4*z + 13 = y. Let j be (2/(-3))/(6/y). List the prime factors of -8*(j - (2 + -2)).
2
Let r = 35 - 45. Let z(q) = -2*q**3 + 5*q**2 - 2*q - 4. Let c be z(3). Let u = r - c. List the prime factors of u.
3
Let m(r) = 3*r**2 + r + 9. List the prime factors of m(4).
61
List the prime factors of 2/(-6) - ((-950)/3)/5.
3, 7
Suppose 4 = -4*y + 12. Suppose y*d = d + 3. What are the prime factors of d?
3
Let m be 3/(-2)*10/15. Let d = -1 + m. What are the prime factors of (-27)/(-3) - d - -3?
2, 7
Let x = -39 + 26. Let g = 37 + x. What are the prime factors of g?
2, 3
Let n = -134 - -92. Let h be (-36)/n*(6 + 1). Suppose -2*g = -h*g + 8. What are the prime factors of g?
2
Let r(b) be the first derivative of -b**3/3 + 2*b**2 + 4*b - 12. Suppose 3*m - 3*c - 18 = 0, -c + 0*c = 3*m - 10. List the prime factors of r(m).
2
Suppose -2*t + 335 = l, 0 = 17*t - 12*t - 3*l - 832. List the prime factors of t.
167
Suppose 5*r = -x + 24, -2*x = 4*r - r - 13. Suppose 4*y = -0*y + 40. Let n = y - x. List the prime factors of n.
11
List the prime factors of (-3 + 19/(-3))*-12.
2, 7
Let w(s) = -2*s**3 - s**2 + s. Let b be w(1). What are the prime factors of (26/(-10))/(b/10)?
13
Suppose -j + 6*j - 120 = 5*y, j = -y + 22. List the prime factors of j.
23
Suppose 3*y = 2*z - 541, -3*z - 7*y + 2*y = -859. What are the prime factors of z?
2, 139
Let a(m) = -m**2 + 2*m + 1. Suppose 0*g = 2*g + 2. Let z be a(g). What are the prime factors of z/4 + 14/4?
3
Let d be ((-2)/(-4))/(1/10). Let y = d - -5. List the prime factors of y.
2, 5
Let g(i) = i**2 + 4*i + 2. Let k be g(-4). Suppose -k*n + 7*n + 60 = 5*x, 2*x - 32 = 4*n. List the prime factors of x.
2
Suppose 2*x + 4*k + 6 = 0, 3*k - 5 + 12 = -x. What are the prime factors of x?
5
Let j(l) = -l**2 - 4*l + 1. Let o be j(-3). Suppose -4*b + o*x = -40, -3*x = 3*b - 2*x - 10. Suppose b*t + 15 - 50 = 0. List the prime factors of t.
7
Let c = 0 + 16. List the prime factors of c.
2
Suppose -3*y + 5*t + 45 + 8 = 0, 5*y = -2*t + 109. Let i = 17 - 10. List the prime factors of 70/6 + i/y.
2, 3
Suppose 2*t = 6*t + 20. What are the prime factors of ((-24)/t)/((-3)/(-10))?
2
Suppose 2*c - 30 = -3*c. Let u be (3 - 2)*(-70)/(-7). Suppose c*t - t = u. List the prime factors of t.
2
Suppose 0 = -4*k + 2*z + 10, 3*k + 3*z = z + 18. List the prime factors of 30*k/(-60)*-6.
2, 3
List the prime factors of (14/(-5))/(4/(-20)).
2, 7
Let h(g) = g**3 - g**2 - g + 92. What are the prime factors of h(0)?
2, 23
Let p(z) = -z**3 - 5*z**2 - 5*z - 3. Let j be p(-4). Let k = -3 - -6. List the prime factors of (-18)/(-2) + (k - j).
11
List the prime factors of 1*(8/(-4) - -55).
53
Let l = -4 + 6. Let c(f) = f**3 - f**2 - 2. Let x be c(l). What are the prime factors of 4/x + (1 - -4)?
7
Let l = 48 + -14. What are the prime factors of l?
2, 17
Suppose 1 + 11 = q. What are the prime factors of q?
2, 3
Suppose 4*j = 5*q - 29, -2*q = 2*j - 0*q - 8. Let n be (2*1 - 0)/(-1). List the prime factors of (1*2)/(j - n).
2
Let n(g) = 29*g**2 + 5*g + 2. List the prime factors of n(2).
2
List the prime factors of 34/((-7)/(21/(-6))).
17
Suppose -5*v + 4*f = f - 153, 4*f + 34 = v. List the prime factors of v.
2, 3, 5
Suppose 4*w = w + 240. Suppose w = -2*y + 6*y. What are the prime factors of y?
2, 5
Let b(i) = -i**3 - 3*i**2 + 4*i + 4. Let m be b(-4). Suppose 19 = m*o - 37. What are the prime factors of o?
2, 7
Let s = -11 + 8. Let f(g) = -2*g - 4. Let q be f(s). Suppose 8 = q*n + 5*i - 23, -2*i = -4*n + 26. What are the prime factors of n?
2
Let q(d) be the second derivative of 5*d**3/6 - 5*d**2 - 2*d. What are the prime factors of q(5)?
3, 5
Let b(w) = 2*w**3 - 4*w**2 + 7*w - 9. What are the prime factors of b(3)?
2, 3, 5
Let n be (-3)/(-2)*(-16)/(-6). Suppose -35 - 1 = -n*v. What are the prime factors of v?
3
Suppose 2*x = -2*x. List the prime factors of 17 + 4 + (x - 3).
2, 3
Suppose 5*o - 2*o - 9 = 0. Let k be o*4*3/9. List the prime factors of k/14 - 104/(-28).
2
Let r = 13 + -28. Let a = 11 + -20. Let x = a - r. What are the prime factors of x?
2, 3
Let z = -34 - -43. List the prime factors of z.
3
Suppose -3*a + 8 = -n - 2*a, 2*n = 3*a - 12. What are the prime factors of 23 + 4/((-16)/n)?
2, 13
Let m = 3 - 0. Let i be (-1)/4 - 66/(-8). Let w = i - m. What are the prime factors of w?
5
Suppose 0 = -2*r + 3*r - 6. Let l(p) be the second derivative of p**4/12 - p**3/2 - 7*p**2/2 + 6*p. List the prime factors of l(r).
11
Suppose 4*r = r + 3. Let b = r - -2. Suppose b*o - 6 = -0*o. List the prime factors of o.
2
Let w be (-2)/(-6 + 2)*4. Suppose m - w + 0 = 0. List the prime factors of m.
2
Let t = -10 + 14. Let y(h) = 1 + t - h + 2. List the prime factors of y(3).
2
Suppose 5*n - 105 = 10. Suppose -l - 5*c + 18 = 0, -2*l - c + n = 5. Let q = -5 + l. List the prime factors of q.
3
Let s(n) be the second derivative of n**5/20 + n**4/4 - n**3/2 + 3*n**2/2 + 2*n. List the prime factors of s(-3).
2, 3
Let o = 39 + -35. What are the prime factors of o?
2
Let a(j) = j - 5. Let u be a(10). Suppose -48 = u*m - 193. What are the prime factors of m?
29
Let h be 2*((-1)/2)/(-1). Let d = 12 + h. Suppose 2*k = m - 3*k + d, 4*m - 5*k = 23. What are the prime factors of m?
2, 3
Let f = -22 + 45. List the prime factors of f.
23
Suppose 9*h = 2*g + 4*h - 18, -8 = 4*h. Suppose -g*f + 0*f + 68 = 0. List the prime factors of f.
17
Suppose -3*a + 303 = -84. What are the prime factors of a?
3, 43
Suppose 3*g + 24 = 7*g. Suppose -21 = -k - g. Let p = k + -9. What are the prime factors of p?
2, 3
Suppose 8 = 2*j + 4*q - 0, 5 = 5*q. Let f be 2/(-1) + (7 - j). Suppose t = -f, 0*w + t = 3*w - 39. What are the prime factors of w?
2, 3
Let x be -2 - 3/(-6)*82. Suppose -55 = -2*f + x. Let s = f - 34. List the prime factors of s.
13
Let h be 2/(-4) + 45/10. Let p be 1*33*(1 + 0). Suppose -h*z + p = -z. List the prime factors of z.
11
Let s be 2/(-4) - (-21)/(-2). Let v(y) = y**3 + 11*y**2 - 2*y - 16. What are the prime factors of v(s)?
2, 3
Suppose -31 = -3*z + 4*u + 82, 4*z - 156 = 4*u. What are the prime factors of z?
43
Suppose -3*c = 5*p - 34, -22 = -c - 5*p - 4. List the prime factors of c.
2
Let n = 256 + -131. List the prime factors of n.
5
Let u = -7 + 79. List the prime factors of u.
2, 3
Suppose 0*k - 4*k + 8 = 0. What are the prime factors of (k + -6)*4*-1?
2
Let w be 0 - (-1 + (-12)/3). Suppose -j = -w*j + 100. What are the prime factors of j?
5
Let u(k) = k**2 + 5*k - 2. Let y be u(-5). What are the prime factors of y/13 - 1470/(-91)?
2
Suppose -2*k - 10 = 2*q - 120, 5*q - 5*k = 225. List the prime factors of q.
2, 5
Let o(j) = 10*j**2 - 8*j + 5. What are the prime factors of o(3)?
71
Suppose -10 = -3*u + 2. Suppose 5*p - 5*o - 32 - 23 = 0, 0 = -u*p + 3*o + 42. What are the prime factors of p?
3
Suppose -u + 5*w = -20, -4*u + 3*w = w - 8. Let k(q) = -q + u*q + 5*q**2 - q**2. List the prime factors of k(1).
3
Suppose -18 = 3*k - 132. What are the prime factors of k?
2, 19
Let q(k) = -3*k**2 + 1. Let h be q(1). List the prime factors of h/((-2)/(-5))*-2.
2, 5
Let c = 279 - 176. List the prime factors of c.
103
Suppose -3*a - 99 - 2 = -5*m, -a + 74 = 4*m. List the prime factors of m.
19
Let r(m) = 2*m**3 - 10*m**2 + 8*m + 10. List the prime factors of r(6).
2, 5, 13
Let t(n) = -5*n**3 + 2*n**2 + 3*n + 2. Let g(z) = z**3 - z**2. Let q(c) = -4*g(c) - t(c). Let x be q(-4). Let b = -15 - x. What are the prime factors of b?
7
Suppose -2 = 2*b, 0*h - h = 4*b - 12. Suppose l - 5*l = -h. Suppose -5*o - l + 19 = 0. What are the prime factors of o?
3
Let v = -1 + -9. Let x = -7 - v. Suppose 5*r - 23 = -2*q, -17 + x = -2*r + 4*q. List the prime factors of r.
5
Let y(l) = -18*l - 5. List the prime factors of y(-2).
31
Let y(i) = 4*i - 1. Suppose 3*c + 12 - 3 = 0. Let a(b) = 5*b - 1. Let v(w) = c